. Let v = -305 - m. What are the prime factors of v?
179
Let m = -541 + 582. Let a = m + 136. List the prime factors of a.
3, 59
Suppose -7357 = -5*m - 2*h + 17523, 0 = 3*m + 2*h - 14924. List the prime factors of m.
2, 19, 131
Let m be (-20030)/(-15)*(-15)/(-10). Suppose -l - m = -2*r, -r + 529 = -3*l - 465. What are the prime factors of r?
17, 59
Let m = -60 - -63. Suppose 4*d - 3960 - 90 = 2*v, 3*d = -m*v + 3033. List the prime factors of d.
2, 11, 23
Let m(t) = -941*t + 15677. What are the prime factors of m(-9)?
2, 12073
Let f(n) = -n + 22. Suppose 0 = -3*a + 6*a + 30. Let k be (-4)/(-6)*(1 + a). List the prime factors of f(k).
2, 7
Suppose -10*k - 3*v = -16*k + 149295, -3*v = -k + 24860. List the prime factors of k.
41, 607
Let c(x) = -x**3 - 5*x**2 + 4*x - 10. Let n be c(-6). List the prime factors of n - -298 - (0 + 2).
2, 149
Let g(b) be the third derivative of -17/6*b**3 + 0*b + 26*b**2 + 0 - 61/12*b**4. List the prime factors of g(-2).
227
Let q be 1 + 17 + -1 + 0. Suppose q*t = 4*t. Suppose 462 = 6*m - t*m. List the prime factors of m.
7, 11
Let x be (-1)/1 - (53 - 47). Let y(b) = -b**3 + 2*b**2 + 23*b + 47. What are the prime factors of y(x)?
3, 109
Let z(p) = 14*p - 81. Let q be (18/24)/((-3)/(-24)). What are the prime factors of z(q)?
3
Let y(c) = c**3 + 14*c**2 - 14*c - 58. Suppose -31 = 19*g + 216. List the prime factors of y(g).
293
Let i = 7083 + 2746. What are the prime factors of i?
9829
Suppose -q + 124 = 5*i, -5*i = -i - 5*q - 76. Let m be ((-5)/10)/(-1 + 22/i). List the prime factors of m/15 - 136/(-10).
2, 7
Let i(m) = 145*m**2 + 182*m + 62. List the prime factors of i(-10).
2, 23, 277
Let k(t) = -9*t**3 - 4*t**2 - 3*t + 29. Let q be k(-7). Suppose -4*i = -88*s + 84*s - 3928, 0 = 3*i - 4*s - q. List the prime factors of i.
3, 7, 47
Let k = 180312 - 121251. List the prime factors of k.
3, 19687
Let r(i) = -4601*i - 440. What are the prime factors of r(-3)?
7, 23, 83
Let k(r) = 1 + 12 + 3*r - 4 + 6*r. Let i be k(3). List the prime factors of i/15*36 - (-6)/10.
3, 29
Suppose 18*j - 19*j + 5*z = 11, -6 = -2*j - 4*z. What are the prime factors of j + (-1178)/(-6) + 16/(-12)?
2, 97
Suppose 5*w - 75300 = -5*x, -3*w - 45188 = -3*x + 2*w. List the prime factors of x.
15061
Let i be 0 - 2/10 - 516/(-5). What are the prime factors of 1/((7/i)/7)?
103
Let j = 87 - 79. What are the prime factors of (2/(-3))/((-33186)/(-4149) - j)?
461
Let t = -38 - -42. Let j be (-185)/(-20) + (-1)/t. What are the prime factors of (95/(-3))/(4 + (-39)/j)?
5, 19
Let w = -4 - -8. Suppose 2*i = 3*x - 172, -x + 2*i = w*x - 280. What are the prime factors of x?
2, 3
Let v = 17 + -12. Let m(n) = v*n + n**2 - 2*n + 0*n - 5*n. What are the prime factors of m(-3)?
3, 5
What are the prime factors of 42/56 + 33/(-36) + 245375/30?
8179
Let i be 2/(63/70 + 8/(-16)). Suppose 2*b - q = 3, -4*q + 7 = 2*b - q. Suppose 0 = f + i*v - 104, -v = f - b*v - 110. List the prime factors of f.
109
Suppose 29*n - 686300 = -14*n - 57*n. List the prime factors of n.
6863
What are the prime factors of (52 - 820/15)/((-4)/66138 + 0)?
2, 73, 151
Suppose -4*x + 49 - 481 = 0. Let d = 398 - x. List the prime factors of d.
2, 11, 23
Let k = 14167 - 9588. List the prime factors of k.
19, 241
Let x = 3475 - -8368. What are the prime factors of x?
13, 911
Let g(t) = -6*t - 30. Let b be g(-5). Suppose -3*x + i + 2467 = 0, 4*i + b*i = -4*x + 3300. What are the prime factors of x?
823
Suppose 0 = 94*r + 6260 - 19796. List the prime factors of r.
2, 3
Let j = 18666 + -10929. What are the prime factors of j?
3, 2579
Suppose -8688*l = -8660*l - 517692. List the prime factors of l.
3, 6163
Suppose 13*a - 25116 = -0*a. Suppose -a = -44*s + 38*s. List the prime factors of s.
2, 7, 23
Suppose -4*z - 2*o = -11002, -34*z - 8244 = -37*z + o. What are the prime factors of z?
2749
Let h = -21149 + 54011. List the prime factors of h.
2, 3, 5477
Suppose -111*t + 359278 = -427157. What are the prime factors of t?
5, 13, 109
Suppose 143*k = 127*k. Suppose -5*z - 2*w = -1229, -z - 4*w + k*w + 253 = 0. List the prime factors of z.
5, 7
Let t(u) = 57*u**2 - 33*u + 99. Let g(i) = 58*i**2 - 33*i + 96. Let p(s) = -4*g(s) + 5*t(s). What are the prime factors of p(4)?
827
Let u = 480 - 447. Suppose -22*f = -u*f + 330. What are the prime factors of f?
2, 3, 5
Let t(w) = -5*w - 2. Let n be t(-1). Let c be 5 - ((7 - n) + -3). Suppose 0*r + c*r = 5*a + 120, -r + a + 29 = 0. What are the prime factors of r?
5
Let t(z) = z**2 + 7*z - 6. Let b be t(-8). Suppose 0 = -4*i + b*p + 34, 2*i = 4*i - 4*p - 14. What are the prime factors of 294/4 - i/18?
73
Let z(s) = -148*s**3 - 3*s - s**2 + 2*s + 3 + 141*s**3. Let r be z(-2). Suppose 5*n - r = 588. List the prime factors of n.
3, 43
Let q be 10/(30/1683) - -5. Suppose z - 1144 = -4*i, -q = -2*i - 0*i + z. What are the prime factors of i?
3, 5, 19
Suppose 24*z = -25*z - 14*z + 720657. List the prime factors of z.
3, 31, 41
Let u(f) = -9*f + 20*f - 6*f - 109 - 16*f. List the prime factors of u(-14).
3, 5
Suppose -n + 9 = 5. Suppose 5*a = -0*r - 5*r + 3865, -a + 779 = n*r. List the prime factors of a.
3, 257
Let l = -323 - -327. Suppose 2*z = -p + 430, -57*z + 54*z - 1698 = -l*p. List the prime factors of p.
2, 3, 71
Let b be ((-3)/4*14)/(12/(-8)). What are the prime factors of (-2)/b + 2844/252?
11
Let y(q) = -25*q - 135. Let m be y(-17). Let u = 668 - m. List the prime factors of u.
2, 3, 7
Let c be (-5 - (1 + -6))/2. Suppose -24*n + 732 + 84 = c. What are the prime factors of n?
2, 17
Suppose y - 26 = -4*u - 36, 5*u = -25. Suppose y = -5*t, 5*o = -t - t + 6511. List the prime factors of o.
1303
Suppose -5*r + 2*r + 741 = 0. Suppose 244 = -0*c + 5*c - 4*z, -c + 40 = -3*z. Let t = r - c. List the prime factors of t.
3, 5, 13
Let h(l) = -l**2 - l + 2. Let t be h(-2). Suppose 0 = 2*q + 2*p, t*p - 2*p = -5*q + 28. Suppose f - 70 = -q*f. What are the prime factors of f?
2, 7
Let v(l) = 2218*l - 1359. What are the prime factors of v(4)?
11, 683
Let s be (-1149)/(9/(-12)*2). Suppose 718 = 14*m - s. What are the prime factors of m?
2, 53
Let i(k) = -63*k**3 - 2*k**2 + k. Let t be i(-2). Suppose 0*d - 3*d + 4*y + 718 = 0, -2*d = 5*y - t. What are the prime factors of d?
2, 11
Suppose 0 = 4*i - 28, 6042 = 5*u + 2*i - i. What are the prime factors of u?
17, 71
Suppose 6*k - 5*w = 3*k, 2*w = 3*k. Suppose 6*b - 5*b - 3*a - 12 = k, 0 = -4*b + 3*a + 12. Suppose -11*c + 7*c + 248 = b. What are the prime factors of c?
2, 31
Let q(w) = 163*w - 1177. What are the prime factors of q(30)?
47, 79
Let j(g) = 243*g + 11917. What are the prime factors of j(208)?
7, 8923
Let l(u) = 2*u**3 - 12*u - 1. Suppose -2*c - v = -10, c - 7 = -3*v - 2. What are the prime factors of l(c)?
3, 7
Let u(v) = 2*v**3 - 3*v**2 - 8*v + 19. Let z be u(2). Suppose z*f = 2122 - 302. List the prime factors of f.
2, 5, 13
Suppose 53*j + 50*j - 46804 = 99*j. List the prime factors of j.
11701
What are the prime factors of (-19496)/44*22/(-4)?
2437
Let u(b) = 10*b**3 + 7*b**2 - 4*b + 13. Let a be u(3). Let z = 1248 - a. List the prime factors of z.
2, 457
Let d(w) = 4*w**2 - 38*w - 73. Suppose -3*q + 47 = 2*i, 8*q - 6*q + 5*i = 24. What are the prime factors of d(q)?
19, 23
Let q be 28/6*(-60)/(-140). Suppose 0 = -q*t - 11 + 1363. What are the prime factors of t?
2, 13
Let w be (32/6)/((-14)/(-21)). Let h = 13 - w. List the prime factors of -7*(-13*1 - (h + -8)).
2, 5, 7
Suppose w = -5*c + 143368, 102*w - 57364 = -2*c + 104*w. List the prime factors of c.
5, 31, 37
What are the prime factors of (-12594 + 2)/(-93 + 86 + (-26)/(-4))?
2, 787
Suppose 4*m = -2*l + 31977 + 81427, -4*l = -2*m - 226798. What are the prime factors of l?
2, 3, 5, 7
Let v(g) = -414*g + 91. List the prime factors of v(-15).
6301
Suppose -f = -5*f + 5*u - 25, -2*u = -10. Suppose f*x = -21*x + 14574. What are the prime factors of x?
2, 347
Let w(j) = -j**2 + 4*j**2 + 441*j + 10 - 431*j - j**2 + 5. Let v be (-6)/9*(-1 - -10). What are the prime factors of w(v)?
3
Let x(g) = g**3 - 12 + 95*g - 189*g + 5*g**2 + 95*g. Let a(k) = -2*k**3 - 6*k**2 + 11. Let v(s) = -2*a(s) - 3*x(s). List the prime factors of v(7).
3, 7
Let l(w) = -111*w - 4. Let u be l(2). Suppose 5*p = 2511 - 331. Let g = u + p. List the prime factors of g.
2, 3, 5, 7
Let q = -12044 + 43387. W